highest common factor of l and y?
46
Suppose 60 - 627 = -27*j. Let v be -1452*(-3)/j + (-24)/(-42). Calculate the greatest common factor of v and 48.
16
Suppose 32*z - 31*z = 121. Suppose 0 = -5*c + 25, z = 2*h - c - 34. What is the highest common divisor of h and 5?
5
Suppose -11*q + 503 + 91 = 0. Let b = 72 - q. Let t be (-3295)/(-45) + (-4)/b + -3. Calculate the greatest common factor of 28 and t.
14
Let f(r) = -r**2 - 24*r + 231. Let z be f(7). Calculate the greatest common factor of z and 448.
14
Let p = 9 - 313. Let a be 3/(148/p + (-4)/(-8)). Calculate the highest common factor of a and 171.
57
Suppose -16*u = 23722 - 74698. What is the highest common factor of u and 236?
118
Suppose 0 = -4*d - 4*i + 528, 3*i + 229 + 191 = 3*d. Suppose 0 = -5*s + 10*s - 170. Suppose x = -x + s. Calculate the highest common divisor of d and x.
17
Let h be (999/74)/(6/8). Calculate the greatest common divisor of h and 2034.
18
Let r be ((-276)/(-1380))/((-2)/(-12640)). Calculate the greatest common divisor of r and 336.
16
Suppose 3*n + 11*f = 6*f - 4, -4 = -n + f. Suppose 5*a = 2*l + 8, -n*a = 3*l - 28 + 2. What is the highest common divisor of 5 and l?
1
Suppose 0 = -4*o - 4, -4*o + 12 + 16 = g. Calculate the highest common factor of 4 and g.
4
Suppose 37*z = -4*z - 1845. Let j = -10 - -7. Let u = j - z. What is the greatest common factor of 14 and u?
14
Suppose 21*d - 186 = -39. Suppose -5*k - 10 = -4*v - v, 2*v + 2*k = 4. Suppose v*s + 1 = d. What is the greatest common factor of s and 6?
3
Let w be (-15)/15 - -7 - -5. What is the greatest common divisor of 25751 and w?
11
Let b be 117/5 - 2/5. Suppose -b*q + 30*q = 910. Suppose i - 67 = -3*u, 2*u + 94 = -2*i + 4*i. Calculate the greatest common factor of q and i.
26
Let k be (2 - 1)/(6/72). Let d = 125 - -31. Suppose 4*h - 415 + 83 = -r, 3*r - d = -2*h. Calculate the highest common divisor of k and h.
12
Let s(i) = -2*i**3 + 29*i**2 - 15*i + 28. Let b be 14/21*84/4. Let l be s(b). What is the greatest common divisor of 154 and l?
14
Suppose 65*j - 10628 = -618. Suppose 16*q = 9*q + j. Suppose 0*i = -5*i + 440. What is the greatest common factor of q and i?
22
Let i be 3185/245 - (-62)/2. What is the highest common factor of 2365 and i?
11
Let x = -11340 - -14510. What is the greatest common divisor of x and 20?
10
Let l(d) = 3*d**2 + 4*d**3 - 13*d**3 + 6*d**3 + 0 + 4*d - 1. Let w be l(-2). Let j be 1/((-6)/w)*(-16)/3. Calculate the highest common divisor of 6 and j.
6
Let k(z) = 2*z**3 + 4*z**2 + 37*z + 154. Let l be k(10). What is the highest common factor of l and 86?
86
Suppose -q + 4 = 0, -5*q = -3*z + 5 - 19. Suppose -3*b + 4 + 35 = 0. Suppose -5*s + 7 = -b. Calculate the highest common divisor of z and s.
2
Suppose 84*o - 36545 = 247. Calculate the greatest common divisor of 9 and o.
3
Let m = 14 + -9. Suppose m*z + 4*o = 34 + 11, -15 = -3*o. Suppose -216*k + 206*k + 50 = 0. Calculate the highest common factor of z and k.
5
Let g(b) = 8*b + 171. Let r be g(-7). Suppose 5*u + 5 = 2*k - 31, -3*u = k - 29. What is the greatest common factor of k and r?
23
Let y = -213 + 214. Let b be 1/(y/3) - -13. What is the highest common factor of b and 592?
16
Suppose 2*j + 17*l = 16*l + 2521, 0 = -3*j - 4*l + 3779. Calculate the greatest common factor of j and 65.
13
Suppose 0 = 291*x - 17*x - 2188 - 278. Calculate the greatest common divisor of 537 and x.
3
Let m be (0 - 8/(-3))*(-618)/(-4). Suppose 10*p = 988 + m. What is the highest common divisor of 35 and p?
35
Let m = 865 + -858. Suppose 25*w = -m + 957. Calculate the highest common divisor of w and 551.
19
Suppose 5*a - 185 = 5*p, 5*a + 2*p - 1486 = -1308. Calculate the greatest common divisor of a and 2004.
12
Let n be 8/(-6)*(-445)/(-20)*-3. What is the greatest common factor of n and 1513?
89
Suppose 428*q - 334*q = 90 + 1132. Let m be 886 - (-1 + 6 + -3). Calculate the highest common divisor of q and m.
13
Let r(a) = 9*a + 8. Let t be r(6). Let s = -214704 - -215200. Calculate the highest common divisor of t and s.
62
Let k(g) = 54*g + 10. Let s be k(5). Suppose 2*z = m - s, 243 = -5*m - 5*z + 1568. Let f be (1 + 0)/(5/m). Calculate the greatest common factor of 36 and f.
18
Suppose 0 = 4*l - 5*u - 10993 - 10725, 0 = 3*l - 2*u - 16285. Calculate the greatest common divisor of 402 and l.
201
Suppose -8 + 2 = 3*m. Let l be (m + -6)*(-1539)/36. Suppose 3 + 73 = 2*w. Calculate the highest common factor of l and w.
38
Let b(i) = 27*i**2 + 250*i - 1775. Let g be b(7). What is the highest common divisor of g and 531?
59
Let a = -880 + 2222. Calculate the greatest common divisor of a and 66.
22
Let w be (-48)/1216*-38 - 102/(-4). Suppose 3*i = -4*f + 1830, 92 = -f - 3*i + 545. Calculate the greatest common factor of w and f.
27
Let d(i) = 2*i + 36. Let m be d(12). Let y be 2/7*(9 + -7 - -12). What is the greatest common divisor of y and m?
4
Suppose -365*j + 7755559 = -309481. Calculate the greatest common factor of 16 and j.
16
Suppose 12*n = 24*n - 1308. Suppose -n = 5*l - 374. What is the greatest common factor of l and 583?
53
Let a(n) = n - 10. Let d be a(12). Suppose -c - 16 = -2*f, -d*c + 3*c - 24 = -2*f. What is the greatest common divisor of 110 and f?
10
Let h = 340 - 291. Suppose -57 = -4*x - 3*y, 3*x + 3*y + 4 = h. What is the highest common divisor of x and 96?
12
Suppose 2*a + 0*a - 1050 = 0. Suppose -3*m - 700 = -m - 12*m. What is the greatest common divisor of m and a?
35
Suppose 3*x = 5*f + 32051, 44097 = 4*x - f + 1334. What is the highest common factor of x and 44?
44
Let l(t) = 21*t - 87. Let o be l(6). Calculate the highest common factor of o and 962.
13
Suppose 37*v - 2*v = -10*v + 5400. What is the greatest common divisor of 72 and v?
24
Suppose -24699*j + 9312 = -24117*j. Let m(c) = -8*c**3 + c**2 + c + 1. Let q be m(-3). Suppose 3*g + 7 = q. Calculate the greatest common divisor of g and j.
8
Let o = -310 + 304. Let p be (-2314 + 2)/(-4) - o. Calculate the highest common factor of p and 8.
8
Suppose 39*s - 299*s + 13840 = 86*s. What is the highest common divisor of 530 and s?
10
Suppose -4*h + 17480 = -2*k, 4*h - 17472 = 72*k - 66*k. Calculate the greatest common divisor of 124 and h.
31
Let a be (-456)/(-40) + -12*(-6)/120. Calculate the greatest common divisor of a and 2224.
4
Suppose 0 = 2*q - 5*g - 216, -4*g = -3*q + 148 + 169. Let u = -70 + q. What is the greatest common divisor of u and 6?
3
Suppose -19*h - 2430 = -10*h. Let w = -160 - h. What is the highest common factor of w and 10?
10
Suppose -177198 = -17*c + 544924 - 30494. Calculate the greatest common divisor of c and 28.
28
Let l = -36 - -63. Let u = -580 - -583. Let t be (u - 1) + 8 + (-618)/(-3). What is the greatest common divisor of t and l?
27
Let n be (882/35)/((-3)/(-10)). Suppose -2730 = -20*j - 6*j. Calculate the greatest common factor of n and j.
21
Suppose -92 = 5*y - 1192. Let l(s) = s**3 - 3*s**2 + 16*s - 39. Let g be l(6). What is the highest common divisor of y and g?
55
Let m be (-12)/(-16)*-1*6*-2. Let p(c) = 110*c - 2. Let j be p(3). Suppose -2120 - j = -m*d. Calculate the highest common divisor of 34 and d.
34
Suppose 59*a - 55*a + 3*z - 1188 = 0, a + 5*z - 280 = 0. Calculate the highest common divisor of 2970 and a.
30
Suppose 4*n - 6*n = -4. Suppose n*o + 2*o - 248 = -4*u, 3*o = -u + 52. Let f = 75 - u. What is the greatest common divisor of 24 and f?
8
Let a = 7429 + -7342. Calculate the greatest common divisor of 39 and a.
3
Let g(m) = -m**2 - 13*m + 8. Let v be g(-13). Let s be (-4 + v - -35)/(12/8). Let w be 3*48 - (2 + -1). Calculate the highest common divisor of w and s.
13
Let l = -110 - -99. Let w(o) = -o**2 - 14*o - 33. Let u be w(l). Let r be (1 + u)/((-14)/(-4) - 3). Calculate the greatest common factor of r and 3.
1
Let q(d) = 10*d**2 - 2. Let k be q(-1). Suppose -13 = k*m - 21*m. Calculate the highest common factor of 8 and m.
1
Let k be -15*8*(-105)/168. What is the greatest common divisor of k and 9015?
15
Suppose 2*g = 3*q + q + 234, 4*g = 3*q + 493. Let f = -104 + g. Suppose -23 = -0*l - l. Calculate the greatest common divisor of f and l.
23
Let b(j) = -6*j - 79. Let s be b(-16). Suppose s*f - 474 - 444 = 0. Calculate the greatest common divisor of f and 36.
18
Suppose 18*i - 1050 = 3*i. Suppose -428 = -5*u + 2*n, 4*u - n -